Convert 52116 (base 8) to base 11.
15240
What is 9325 (base 11) in base 10?
12369
What is -119d9 (base 14) in base 2?
-1010100001101011
42241 (base 5) to base 4
230011
What is -163443 (base 7) in base 9?
-48476
What is -2228 (base 9) in base 13?
-998
What is -2111201 (base 3) in base 13?
-aa8
-ab0 (base 13) to base 15
-823
What is -111331 (base 4) in base 2?
-10101111101
What is 14097 (base 11) in base 10?
20071
What is -104142 (base 5) in base 14?
-14a4
What is -12759 (base 10) in base 16?
-31d7
44a4 (base 13) to base 3
111011111
71 (base 11) to base 4
1032
What is 12a (base 15) in base 4?
10021
Convert -1003011 (base 4) to base 5.
-114133
Convert -155 (base 6) to base 13.
-56
What is ba50 (base 14) in base 8?
76726
What is -13033 (base 11) in base 3?
-221121111
What is -2190 (base 12) in base 10?
-3708
43260 (base 8) to base 16
46b0
-100010100 (base 2) to base 9
-336
What is -241651 (base 7) in base 13?
-16c93
What is a734 (base 12) in base 3?
221010211
What is -776 (base 10) in base 15?
-36b
Convert 3603 (base 13) to base 11.
5797
-11052 (base 8) to base 5
-122100
What is -16ca (base 13) in base 3?
-11122002
12212 (base 8) to base 6
40202
-73a (base 13) to base 7
-3410
-315 (base 13) to base 8
-1015
What is -121 (base 5) in base 4?
-210
Convert 7427 (base 10) to base 12.
436b
Convert -1012000 (base 3) to base 14.
-45a
Convert 1aac (base 13) to base 6.
30353
Convert 6911 (base 10) to base 4.
1223333
What is -371 (base 11) in base 16?
-1b9
Convert -1219 (base 12) to base 10.
-2037
-706b (base 14) to base 10
-19303
1257b (base 15) to base 6
1131212
-31523 (base 6) to base 10
-4299
Convert 2b3 (base 12) to base 7.
1143
Convert 123002 (base 4) to base 14.
8b8
-53 (base 9) to base 14
-36
What is -254 (base 11) in base 12?
-211
What is -1003000 (base 5) in base 13?
-738a
What is 201241 (base 5) in base 12?
3892
-5546 (base 7) to base 3
-2201212
-635 (base 10) to base 6
-2535
Convert 1096 (base 10) to base 2.
10001001000
-263 (base 14) to base 5
-3404
-4011 (base 13) to base 16
-2262
-2083 (base 11) to base 2
-101011000001
-1342424 (base 5) to base 11
-19a31
What is -1a93 (base 14) in base 8?
-11341
What is 25c (base 13) in base 9?
511
5b99 (base 14) to base 3
210222000
1096 (base 14) to base 15
cbb
What is -42132 (base 5) in base 6?
-20532
Convert 83 (base 12) to base 6.
243
-213042 (base 6) to base 2
-100010001110010
Convert 8ce (base 15) to base 13.
ba5
Convert 61731 (base 8) to base 14.
945b
5054 (base 8) to base 2
101000101100
What is 80 (base 16) in base 14?
92
What is -123600 (base 7) in base 6?
-254100
18a (base 12) to base 15
11a
f5 (base 16) to base 4
3311
Convert 101011101 (base 2) to base 5.
2344
Convert 326 (base 8) to base 4.
3112
What is -101010010010001 (base 2) in base 14?
-7c65
Convert -40204 (base 5) to base 7.
-10306
What is -24a (base 11) in base 7?
-602
-1000124 (base 5) to base 16
-3d30
-1131 (base 10) to base 9
-1486
-635 (base 13) to base 10
-1058
Convert c6d (base 14) to base 2.
100110010001
Convert -1220100 (base 3) to base 6.
-10230
-10113321 (base 4) to base 13
-81cc
What is -1222010 (base 3) in base 9?
-1863
Convert -6318 (base 9) to base 8.
-11032
21673 (base 8) to base 12
5363
Convert -11102 (base 3) to base 4.
-1313
2806 (base 10) to base 2
101011110110
Convert 1000011010 (base 2) to base 6.
2254
What is 31b (base 15) in base 6?
3125
Convert 271 (base 11) to base 8.
500
-196 (base 16) to base 10
-406
-12750 (base 8) to base 16
-15e8
-1814 (base 16) to base 5
-144124
-216 (base 15) to base 10
-471
What is -2114 (base 9) in base 16?
-610
-1122020210 (base 3) to base 4
-13320003
Convert -100131 (base 4) to base 2.
-10000011101
What is -133102 (base 5) in base 12?
-3162
Convert 110111101 (base 3) to base 4.
2032111
Convert 14429 (base 10) to base 8.
34135
Convert 1233 (base 5) to base 16.
c1
Convert 1101110100101110 (base 2) to base 15.
11b9c
-f87 (base 16) to base 7
-14406
What is 1512 (base 6) in base 14?
20c
Convert 124 (base 6) to base 5.
202
What is 4808 (base 16) in base 7?
104522
Convert 1dd (base 14) to base 11.
326
Convert -100101111100110 (base 2) to base 12.
-b2b2
-750 (base 8) to base 9
-602
What is -339 (base 13) in base 5?
-4210
Convert 1175 (base 12) to base 8.
3651
-85762 (base 9) to base 2
-1101110110110100
Convert 340022 (base 5) to base 6.
131011
What is -1276 (base 12) in base 14?
-aa6
What is -2073 (base 8) in base 2?
-10000111011
Convert 1aa0 (base 11) to base 4.
221123
What is -1001011101 (base 2) in base 7?
-1523
Convert 102d (base 14) to base 7.
11056
What is -19930 (base 10) in base 14?
-7398
Convert -2111000 (base 3) to base 13.
-a92
Convert 142 (base 12) to base 9.
235
What is -101110001001000 (base 2) in base 13?
-a9a3
What is -331a (base 11) in base 8?
-10431
Convert -38b (base 13) to base 10.
-622
Convert 130a7 (base 13) to base 12.
18509
Convert -3883 (base 9) to base 2.
-101101011110
What is 110431 (base 5) in base 13?
19b5
What is -1090 (base 15) in base 11?
-2701
What is -326 (base 12) in base 5?
-3322
What is 178b5 (base 12) in base 2?
1000010101001001
Convert 22f0 (base 16) to base 13.
40c0
-212024 (base 5) to base 12
-416b
Convert 336 (base 10) to base 13.
1cb
133022 (base 4) to base 12
11a2
Convert -808 (base 10) to base 5.
-11213
Convert -65725 (base 10) to base 16.
-100bd
-1098 (base 11) to base 15
-65d
What is -5630 (base 7) in base 8?
-3756
What is -2352 (base 7) in base 6?
-4010
321 (base 8) to base 11
180
What is 2332 (base 5) in base 12?
246
254101 (base 6) to base 4
11212111
1053 (base 7) to base 8
575
What is -1311 (base 6) in base 15?
-171
What is 670 (base 11) in base 14?
415
What is a873 (base 12) in base 16?
4857
What is 4665 (base 11) in base 15?
1c31
What is 9352 (base 12) in base 5?
1003141
What is 361e (base 16) in base 11?
a455
Convert 10011001 (base 2) to base 8.
231
Convert -886 (base 11) to base 5.
-13222
Convert 100100110 (base 2) to base 11.
248
-325145 (base 6) to base 15
-8045
What is 1836 (base 9) in base 4?
112002
What is c (base 14) in base 11?
11
What is -2201220012 (base 3) in base 4?
-31021232
12101231 (base 4) to base 6
315005
What is 529 (base 14) in base 11?
845
12212 (base 3) to base 8
236
Convert 5733 (base 8) to base 10.
3035
Convert -4355 (base 6) to base 15.
-472
Convert 100110000010 (base 2) to base 3.
10100011
What is 2645 (base 7) in base 5?
13023
174 (base 11) to base 4
3022
Convert 11201 (base 5) to base 15.
386
What is -2a25 (base 16) in base 5?
-321124
What is 2417 (base 13) in base 2?
1001111100010
What is 100110011010010 (base 2) in base 12?
b46a
What is -a4b (base 14) in base 16?
-7eb
What is -8419 (base 11) in base 6?
-123344
Convert 2344240 (base 5) to base 4.
22222233
What is -15014 (base 6) in base 4?
-211102
Convert a304 (base 12) to base 7.
102436
Convert 754 (base 8) to base 11.
408
Convert -35 (base 6) to base 9.
-25
-30023 (base 4) to base 2
-1100001011
Convert -2344 (base 5) to base 16.
-15d
What is 11001011100 (base 2) in base 14?
844
What is 2331412 (base 5) in base 15?
c9dc
1161 (base 8) to base 6
2521
What is c7 (base 13) in base 15?
ad
Convert 2e5 (base 16) to base 7.
2106
Convert -38d (base 14) to base 16.
-2c9
What is -8733 (base 12) in base 9?
-22353
Convert 1010 (base 11) to base 6.
10114
What is 134 (base 9) in base 5?
422
What is -241c (base 13) in base 15?
-179a
What is -210011 (base 3) in base 14?
-2cb
What is -43 (base 9) in base 4?
-213
1037 (base 9) to base 3
1001021
Convert 141535 (base 6) to base 4.
3101003
Convert 3130 (base 6) to base 2.
1010111110
Convert -1000110101001 (base 2) to base 16.
-11a9
20211300 (base 4) to base 2
1000100101110000
Convert 244100 (base 5) to base 10.
9275
What is -769 (base 12) in base 3?
-1111100
-110010 (base 2) to base 13
-3b
What is -17272 (base 10) in base 7?
-101233
1234233 (base 5) to base 15
7313
Convert -7036 (base 8) to base 2.
-111000011110
Convert 7381 (base 14) to base 8.
46705
What is 13975 (base 10) in base 11?
a555
-21565 (base 7) to base 9
-7411
-1831 (base 9) to base 2
-10101111101
dc (base 15) to base 6
543
What is -46413 (base 9) in base 12?
-15ab6
Convert 160 (base 12) to base 14.
116
What is 120012 (base 3) in base 11?
343
-183 (base 15) to base 14
-1ac
Convert -c9d5 (base 14) to base 4.
-20200333
What is -11034 (base 5) in base 10?
-769
-100110001 (b